factor of 1044?
True
Is 18 a factor of 1483?
False
Is 20637 a multiple of 98?
False
Does 89 divide 623?
True
Is 78 a factor of 49920?
True
Is 24 a factor of 614?
False
Is 23 a factor of 1734?
False
Does 45 divide 1748?
False
Does 8 divide 5472?
True
Is 13 a factor of 2713?
False
Does 95 divide 285?
True
Does 19 divide 342?
True
Does 8 divide 10424?
True
Is 1073 a multiple of 52?
False
Does 14 divide 112?
True
Is 199 a factor of 9781?
False
Is 146 a factor of 9028?
False
Is 60 a factor of 300?
True
Is 140 a multiple of 20?
True
Does 15 divide 5302?
False
Is 21 a factor of 18757?
False
Is 10354 a multiple of 77?
False
Is 6870 a multiple of 5?
True
Is 5 a factor of 9072?
False
Does 44 divide 514?
False
Is 17 a factor of 33592?
True
Is 5314 a multiple of 125?
False
Does 119 divide 1384?
False
Is 50 a factor of 450?
True
Is 3630 a multiple of 30?
True
Is 26 a factor of 832?
True
Is 88 a multiple of 22?
True
Does 9 divide 270?
True
Is 3840 a multiple of 8?
True
Is 490 a multiple of 10?
True
Is 4704 a multiple of 14?
True
Is 44985 a multiple of 15?
True
Does 3 divide 22?
False
Does 18 divide 4357?
False
Does 25 divide 549?
False
Does 119 divide 119?
True
Is 9343 a multiple of 26?
False
Does 5 divide 32156?
False
Is 26 a factor of 780?
True
Is 8 a factor of 752?
True
Is 223 a factor of 8506?
False
Does 8 divide 29832?
True
Is 20 a factor of 1340?
True
Is 53 a factor of 64917?
False
Is 519 a multiple of 32?
False
Does 40 divide 20464?
False
Is 255 a multiple of 3?
True
Is 2 a factor of 2499?
False
Does 40 divide 240?
True
Is 29 a factor of 10382?
True
Is 2835 a multiple of 81?
True
Does 131 divide 16946?
False
Is 34203 a multiple of 9?
False
Is 16 a factor of 362?
False
Is 152 a factor of 5866?
False
Is 7 a factor of 1488?
False
Is 6 a factor of 150?
True
Is 22 even?
True
Is 12 a factor of 8513?
False
Does 85 divide 2173?
False
Is 174 a factor of 48307?
False
Is 40 a factor of 55096?
False
Is 1121 even?
False
Is 9 a factor of 927?
True
Is 9 a factor of 29976?
False
Does 4 divide 2072?
True
Is 8 a factor of 30?
False
Is 60480 a multiple of 60?
True
Does 9 divide 801?
True
Is 4572 a multiple of 12?
True
Does 12 divide 52668?
True
Does 84 divide 588?
True
Is 10 a factor of 960?
True
Does 87 divide 2349?
True
Is 36 a multiple of 12?
True
Is 37 a factor of 129080?
False
Is 11 a factor of 568?
False
Is 12 a factor of 1131?
False
Is 1662 a multiple of 25?
False
Does 75 divide 6975?
True
Is 25011 a multiple of 61?
False
Does 17 divide 17017?
True
Does 7 divide 168?
True
Does 15 divide 3030?
True
Is 4 a factor of 163?
False
Is 30828 a multiple of 84?
True
Is 95 a factor of 1634?
False
Is 202 a multiple of 4?
False
Does 48 divide 20400?
True
Is 23 a factor of 6765?
False
Is 67 a factor of 459?
False
Is 5304 a multiple of 24?
True
Does 104 divide 9505?
False
Is 17874 a multiple of 18?
True
Is 13 a factor of 1347?
False
Is 26 a factor of 26?
True
Does 8 divide 433?
False
Is 35 a factor of 735?
True
Is 314 a multiple of 2?
True
Is 6 a factor of 370?
False
Is 5864 a multiple of 3?
False
Is 22 a factor of 25263?
False
Does 143 divide 4446?
False
Is 3 a factor of 400?
False
Is 49196 a multiple of 98?
True
Is 11 a factor of 37?
False
Is 2584 a multiple of 17?
True
Is 45040 a multiple of 80?
True
Is 3190 a multiple of 58?
True
Is 14 a factor of 6403?
False
Is 16744 a multiple of 92?
True
Does 5 divide 2403?
False
Is 66 a factor of 4023?
False
Is 356 a multiple of 9?
False
Is 2 a factor of 140?
True
Does 66 divide 8910?
True
Is 380 a multiple of 10?
True
Is 4 a factor of 552?
True
Is 546 a multiple of 42?
True
Is 5148 a multiple of 132?
True
Is 3 a factor of 24?
True
Does 88 divide 1181?
False
Is 3910 a multiple of 85?
True
Is 1885 a multiple of 65?
True
Is 45610 a multiple of 116?
False
Is 1960 a multiple of 70?
True
Is 2 a factor of 115?
False
Does 22 divide 4117?
False
Is 1950 a multiple of 26?
True
Is 3702 a multiple of 14?
False
Is 57 a factor of 2280?
True
Is 459 a multiple of 17?
True
Does 4 divide 1232?
True
Is 627 a multiple of 6?
False
Is 54 a factor of 2106?
True
Is 413 a multiple of 3?
False
Is 9121 a multiple of 31?
False
Is 63 a factor of 15057?
True
Is 3 a factor of 387?
True
Is 9831 a multiple of 52?
False
Does 239 divide 21233?
False
Is 145 a factor of 6271?
False
Does 2 divide 76?
True
Is 14 a factor of 1386?
True
Is 3 a factor of 1866?
True
Is 12247 a multiple of 18?
False
Is 2 a factor of 24?
True
Is 8679 a multiple of 33?
True
Does 74 divide 1219?
False
Is 399 a multiple of 33?
False
Does 66 divide 2838?
True
Is 532 a multiple of 28?
True
Is 10 a factor of 78565?
False
Is 37271 a multiple of 11?
False
Is 6 a factor of 40415?
False
Is 27 a factor of 540?
True
Does 9 divide 279?
True
Is 6 a factor of 714?
True
Does 15 divide 153?
False
Is 826 a multiple of 4?
False
Is 9 a factor of 746?
False
Does 12 divide 252?
True
Does 6 divide 254?
False
Does 13 divide 91?
True
Is 287 a multiple of 9?
False
Is 18933 a multiple of 14?
False
Does 16 divide 4391?
False
Is 626 a multiple of 5?
False
Is 47394 a multiple of 18?
True
Is 765 a multiple of 51?
True
Is 465 a multiple of 11?
False
Does 30 divide 599?
False
Does 46 divide 53498?
True
Is 2 a factor of 2166?
True
Is 11713 a multiple of 221?
True
Is 3480 a multiple of 58?
True
Is 11 a factor of 5841?
True
Does 2 divide 102?
True
Does 3 divide 4853?
False
Is 47607 a multiple of 153?
False
Is 8 a factor of 131?
False
Is 5 a factor of 135?
True
Does 153 divide 9639?
True
Is 7 a factor of 234?
False
Is 7345 a multiple of 107?
False
Is 477 a multiple of 53?
True
Is 15403 a multiple of 2?
False
Is 20 a factor of 180?
True
Is 364 a multiple of 34?
False
Does 13 divide 38?
False
Is 3939 a multiple of 50?
False
Is 372 a multiple of 4?
True
Is 30 a factor of 3817?
False
Is 2414 a multiple of 142?
True
Is 7 a factor of 1336?
False
Is 3 a factor of 211?
False
Does 56 divide 14100?
False
Does 9 divide 11727?
True
Is 341 a multiple of 30?
False
Is 1053 a multiple of 19?
False
Is 87 a multiple of 2?
False
Is 7 a factor of 514?
False
Is 1793 a multiple of 6?
False
Is 20 a factor of 81057?
False
Is 14 a factor of 9814?
True
Does 5 divide 4005?
True
Is 85 a factor of 3825?
True
Is 88 a factor of 742?
False
Does 30 divide 6015?
False
Does 8 divide 1436?
False
Is 628 a multiple of 14?
False
Is 10879 a multiple of 20?
False
Is 990 a multiple of 30?
True
Is 83 a factor of 5644?
True
Does 18 divide 1525?
False
Is 1506 a multiple of 21?
False
Is 320 a multiple of 8?
True
Is 14 a factor of 350?
True
Is 2538 a multiple of 18?
True
Does 43 divide 14319?
True
Does 38 divide 3547?
False
Does 14 divide 571?
False
Is 3489 a multiple of 7?
False
Is 11 a factor of 71805?
False
Is 1093 a multiple of 49?
False
Does 60 divide 66660?
True
Is 68578 a multiple of 26?
False
Does 19 divide 5263?
True
Does 14 divide 308?
True
Is 8 a factor of 720?
True
Is 720 a multiple of 24?
True
Does 44 divide 18618?
False
Is 6 a factor of 234?
True
Is 6 a factor of 29058?
True
Is 5375 a multiple of 19?
False
Is 262 a multiple of 2?
True
Does 11 divide 2064?
False
Is 56 a factor of 3055?
False
Is 36927 a multiple of 33?
True
Is 13140 a multiple of 60?
True
Is 352 a multiple of 32?
True
Is 3012 a multiple of 16?
False
Is 42 a factor of 153?
False
Does 9 divide 639?
True
Is 8632 a multiple of 63?
False
Is 102 a factor of 1020?
True
Does 13 divide 5434?
True
Is 3829 a multiple of 19?
False
Does 38 divide 304?
True
Is 2344 a multiple of 39?
False
Is 78 a multiple of 39?
True
Is 123 a factor of 63013?
False
Is 2028 a multiple of 12?
True
Is 20 a factor of 3420?
True
Is 538 a multiple of 115?
False
Is 11135 a multiple of 17?
True
Does 13 divide 3864?
False
Is 8 a factor of 17080?
True
Is 18671 a multiple of 224?
False
Is 14122 a multiple of 11?
False
Is 17 a factor of 5865?
True
Does 108 divide 70471?
False
Does 80 divide 2053?
False
Does 20 divide 555?
False
Is 1168 a multiple of 9?
False
Is 9 a factor of 5409?
True
Does 212 divide 76695?
False
Is 10 a factor of 940?
True
Does 11 divide 3523?
False
Does 31 divide 100161?
True
Is 46 a factor of 56053?
False
Does 73 divide 11840?
False
Is 22 a factor of 1210?
True
Does 11 divide 1188?
True
Is 234 a multiple of 29?
False
Is 25 a factor of 375?
True
Is 31 a factor of 58187?
True
Does 13 divide 2851?
False
Is 7110 a multip